w + 11 = 4*o. What is the units digit of o?
5
Let t(g) = -217*g**3 - g**2 - 10*g - 12. What is the tens digit of t(-2)?
4
Let j = 11 - 13. Let s be j/(-8) + (-28)/(-16). Suppose -s*v + 74 = -l, -v + 4*l = 6*l - 27. What is the tens digit of v?
3
What is the units digit of (-38 - -37)*(-1955 - -1)?
4
Let h be (405/6)/(4/8). Suppose -30*u + h = -27*u. What is the tens digit of u?
4
Let v = 20 + -12. Let b = 11 - v. Suppose 2*j - b - 9 = 0. What is the units digit of j?
6
Let t be (-4)/(-8) + 364/(-8). What is the hundreds digit of (43/3)/((-5)/t)?
1
Let f(o) = 11*o**2 + 23*o - 3. What is the units digit of f(6)?
1
Let j(n) = -n**3 + n**2 + 4*n + 2. Let i be j(-1). Suppose -5*g + 6*g - 11 = -m, g + 5*m - 19 = i. What is the units digit of g?
9
Suppose 3*m - 22 = 20. Let u = -9 + m. What is the units digit of 10/(4*u/80)?
0
Suppose -2*g = 11 - 5. Let d be 1/(g + 80/28). What is the tens digit of 48 - (-7)/(d/2)?
4
Suppose 2*b + 3 = 3*b. Suppose -b*j - 150 = -6*j. What is the units digit of j?
0
Let b(a) = a**3 - 18*a**2 + 17*a. Let r be b(17). Let f = r + -9. Let c(w) = -w**3 - 9*w**2 - 8*w - 5. What is the tens digit of c(f)?
6
Let t be (-1)/((4 + -3)*-1). Let m be t + 0 + 4 - 3. What is the units digit of (-20)/10*-1*m?
4
Let n = 74 + -71. Suppose -36 = -v - i + 6*i, n*v - 5*i = 138. What is the tens digit of v?
5
Let g(h) = 9*h - 4*h - 4*h + 0*h - 2. Let s be g(5). Suppose 5*w = s*w + 76. What is the tens digit of w?
3
Suppose -d - 4*u - 316 = 0, -u - 606 = 3*d + 331. Let w = -174 - d. What is the units digit of w?
8
Suppose 740 = -0*q + 4*q. Suppose 2*d = -3*d + q. What is the tens digit of d?
3
Let p = 16 + -11. Suppose 5*q + 5*r - 5 = p, 0 = 3*r + 12. Suppose 0*o = -3*o + q, 3*z = 4*o + 31. What is the units digit of z?
3
Let k(g) = -6*g - 17. Let b be (1 - 0) + (1 - 9). What is the units digit of k(b)?
5
Let s = -1832 + 2977. What is the hundreds digit of s?
1
Suppose 56*g - 16740 = 74932. What is the hundreds digit of g?
6
Let z be (1*6/4)/((-18)/(-36)). Suppose -2*x - 110 = -4*x + z*h, 4*x - 230 = h. What is the units digit of x?
8
Let y(j) = j**3 + 2*j**2 + 5*j + 18. Let d be y(-3). Let i(z) be the first derivative of z**3/3 + 3*z**2/2 + 15*z + 1. What is the units digit of i(d)?
3
Let s(k) = -157*k - 317. What is the tens digit of s(-29)?
3
Let u(j) = 6*j**2 - j + 6. Let l be u(2). Let d = l + 37. What is the units digit of d?
5
Suppose -2*z = -z + 30. Let v = -26 - z. Suppose 331 = 5*i - 2*t + 99, 4*i - 188 = v*t. What is the units digit of i?
6
Suppose 2*q + 5*r + 11 + 3 = 0, -r = -4*q - 6. What is the units digit of 197/q*(-4 - (1 - 3))?
7
Let z(g) = 10*g**3 + 4*g**2 + 2*g - 2. Let t be z(-2). What is the units digit of ((-3)/2)/(15/t)?
7
What is the units digit of ((-201840)/54)/(-10) - 6/(-27)?
4
Let f = -106 - -166. Let t = 113 - f. Suppose 5*s - 107 = t. What is the units digit of s?
2
What is the tens digit of ((-14841)/85)/(2/(-10))?
7
Let q(s) be the third derivative of -2*s**4 - s**3/2 + 20*s**2. What is the units digit of q(-2)?
3
Let w = -19 - -88. What is the units digit of w?
9
Let p = -10 + 97. Let x = -66 + p. What is the units digit of x?
1
Let n(x) be the third derivative of x**5/60 + x**4/6 - 2*x**3/3 + 12*x**2. What is the tens digit of n(-10)?
5
Let y = -127 + 201. Let s = y - 10. Suppose 5*i - s - 17 = -3*b, -2*i + 4*b = -48. What is the units digit of i?
8
Let b = 2574 + -1282. What is the thousands digit of b?
1
Let z(i) = -5*i**2 - 5*i - 7. Let h(u) = -u**2 - u - 1. Suppose -5*o - 9 = -5*t - 4, -2*o + t = -3. Let r(n) = o*h(n) - z(n). What is the tens digit of r(-8)?
5
Suppose -146 = -2*b - a, -2*a - 2*a - 64 = -b. Let c(n) = -22 - n**3 - 24 - n**2 + b + 3*n - 24. What is the tens digit of c(-4)?
3
Let y = 4 + -3. Let f(p) = y - 3*p + 4*p - 1 + 5. What is the units digit of f(7)?
2
Suppose -5*l + 15 + 0 = 0. Suppose c + l = 6. What is the units digit of c?
3
Suppose -16 = 2*m - 2*r, 4*m - 6*m + 4 = 3*r. What is the units digit of 6 + -5 + (-2)/m*82?
2
Let b = 345 - 499. Let m = -64 - b. What is the tens digit of m?
9
Suppose -291*i + 295*i = 12176. What is the units digit of i?
4
Suppose 0 = -3*w - 51 + 12. Let z(k) = -k**3 - 12*k**2 + 3*k - 4. What is the units digit of z(w)?
6
Suppose 8*o + 3*o - 88 = 0. Suppose -5*m + 4*u + 385 = o*u, -3*m - 2*u = -229. What is the tens digit of m?
7
Let f(s) = 3*s + 71. What is the units digit of f(-12)?
5
Let l = 8142 + -5362. What is the thousands digit of l?
2
Suppose 24*r - 26622 = -27*r. What is the hundreds digit of r?
5
Suppose -625 = -3*t - 2*o, 62*o + 430 = 2*t + 60*o. What is the units digit of t?
1
Let k = 14 + -10. Let q be 0 + (k - (1 + -1)). Suppose -3*l = -3*g - 27, 0 = -q*l + l - 5*g + 3. What is the units digit of l?
6
Suppose -4*y = 21 - 93. Suppose -v + 17 = -y. What is the tens digit of v?
3
Let i be ((-104)/78)/(-1 - 4/(-6)). Let t(u) = 2*u**2 + u + 1. Let z be t(-3). Suppose z = i*a - 156. What is the units digit of a?
3
Suppose -2*m + 1670 = 5*v, 2*v + m - 503 - 166 = 0. Suppose -v - 308 = -10*k. What is the tens digit of k?
6
Let v(b) = -3*b**3 + 2*b**2 + 11*b + 6. Let m be v(-4). Suppose -3*l = 3*t - m, -5*l + 0*t - 2*t + 316 = 0. What is the tens digit of l?
6
Let t(s) = -s**2 - s - 18. Let q(y) = 3*y**2 + 3*y + 37. Let h(x) = -2*q(x) - 5*t(x). Let b be (-4)/1 + 4 + 0/(-3). What is the tens digit of h(b)?
1
Suppose -5*l = -2*m - 9*l + 1206, -3*m + 1807 = 5*l. What is the units digit of m?
9
What is the units digit of (-8)/(1056/534 + -2)?
6
Let p(j) = -j**2 - 6*j + 1. Let w be p(-5). Let y = w + 9. Suppose y = 4*b - 77. What is the units digit of b?
3
Suppose 0*o - 5*o = -15. Suppose 207 = o*n + 36. What is the tens digit of n?
5
Suppose 0 = -2*a + 10. Suppose -a*u = 2*c, -8 = -2*u + u - 2*c. What is the units digit of (-4)/(-2) + (u - -1)?
1
Suppose 11*d - 8995 = -1702. What is the units digit of d?
3
What is the thousands digit of (1/3)/((-5)/15) - -1113?
1
Suppose 0 = f + 4*w + 4, 2*f + 2 = 4*w + 6. What is the tens digit of 783/18*((-2)/(-3) + f)?
2
Let a(k) = -14*k - 3. Let o be a(-3). Let i = o - 27. What is the units digit of i?
2
Let r(h) = -2*h**2 + 9*h - 7. Let t(w) = -1. Let o(k) = -r(k) - 3*t(k). What is the tens digit of o(6)?
2
Suppose -2 = 3*b - 5*b. Let d be (2/5)/(b/(-15)). Let u(y) = -y**3 - 6*y**2 - 5*y - 7. What is the tens digit of u(d)?
2
Let j(u) = -3*u**2 - 24*u + 22. Let n(c) = 2*c**2 + 23*c - 21. Let a(d) = 3*j(d) + 4*n(d). Let t = -32 - -47. What is the tens digit of a(t)?
5
Let n(p) = -2*p - 4. Let k be n(-2). Suppose k = -3*b + 2*b. Suppose 3*w + 2*m - 94 = 3*m, b = 4*w + 4*m - 152. What is the units digit of w?
3
Let x(m) = m**3 - 8*m**2 + 6*m + 10. Let r be x(7). Suppose a - r = -0*a. Suppose 0 = -h - 0*h, -2*h + 60 = a*s. What is the units digit of s?
0
Let b(v) = -v**2 + 13*v + 18. Let s be b(15). What is the units digit of (3/((-27)/(-87)))/((-2)/s)?
8
Suppose -29*r + 16*r + 4940 = 0. What is the units digit of r?
0
Suppose 0 = -j + 13*j + 1764. Let f = j - -250. What is the units digit of f?
3
Let q = 42 + -17. Suppose -3*k + q = 2*k. Suppose -28 = k*o - 6*o. What is the units digit of o?
8
Let l = 17 + -12. Suppose 0*k - l = 5*k. What is the units digit of (8 + -3)/(2 + k)?
5
Suppose 3*c + 675 = g, 0 = g - 6*c + 11*c - 683. What is the units digit of g?
8
Let m(l) = 164*l - 3. Let d(u) = 41*u - 1. Let w(i) = -9*d(i) + 2*m(i). Let z be w(-2). Let t = z + -53. What is the units digit of t?
2
Let p(v) = v**3 + 9*v**2 + 10*v + 12. Let m be p(-6). Suppose 2*g - 4 = -2*a + 20, -5*a - g + m = 0. What is the tens digit of a?
1
What is the tens digit of ((-3626)/(-37))/(2 - 0)?
4
Let a = -12 - -12. Suppose n = -3*s - 55, s + 5*n + 9 + 0 = a. Let d = s + 54. What is the tens digit of d?
3
Let r = 38 - -52. Suppose -74 = -3*n - 4*h, 0*n + 4*n + h - r = 0. What is the tens digit of n?
2
Let g(w) = w**3 + 8*w**2 - 10*w - 7. Let i be g(-9). Suppose v - 25 = -i*x - 3*x, x - 4 = 0. Suppose -v*b = -0*b - 290. What is the tens digit of b?
5
Let f(j) be the third derivative of j**7/20 + j**6/360 - j**5/120 + j**3/6 - 7*j**2. Let i(w) be the first derivative of f(w). What is the units digit of i(1)?
2
Let q = -1655 + 2459. What is the tens digit of q?
0
Let h(g) = 3*g**2 + 5*g - 2. Let s be h(-2). Suppose 2*d - 2*l - 74 = s, l 